- z. Let l be i(-8). Suppose 5*o - 3 = l. What is the units digit of o?
2
What is the units digit of (-16)/4 + 3 - -36?
5
Let d = -29 - -55. What is the units digit of d?
6
Suppose -2*t - 3*y + y = -266, 0 = 5*y + 25. What is the units digit of t?
8
Let c = -25 - -116. What is the tens digit of c?
9
Let l(f) = 2 + 4*f - 3 - f + 0*f. What is the units digit of l(4)?
1
Let h = 6 - 10. Let p = h - -14. What is the units digit of p?
0
Suppose 4*b - 48 = 3*b. What is the units digit of b?
8
Suppose 0 = 4*p - 220 - 60. Suppose -3*q + p = b, -5*q + 148 = b + 34. Suppose t - 2*f = 0, 3*f = -5*t + 17 + q. What is the units digit of t?
6
Let b be (-1 + 0)/((-2)/4). Let l = -4 + b. What is the units digit of 4 + l + (1 - -1)?
4
Let d(g) = -2*g + 1. Suppose z + 5*k + 17 = 0, -2*z + 3*k = z + 15. What is the tens digit of d(z)?
1
What is the tens digit of 282 + (2/(-1))/((-3)/(-6))?
7
Suppose 2*o + 2*j + 2*j = 14, -3*o = -2*j - 13. Suppose 0 = o*t - 20 + 5. What is the units digit of t?
3
Let p = -123 + 212. What is the tens digit of p?
8
Let h be (-36)/(-10) - (-4)/10. Suppose -24 = 5*p - h. Let g = p + 5. What is the units digit of g?
1
Let f(x) be the third derivative of x**4/12 + 2*x**3/3 + 2*x**2. What is the units digit of f(5)?
4
Suppose -c = -5*s - 8, -18 + 80 = 4*c - 5*s. What is the tens digit of c?
1
Let a(s) be the first derivative of s**4/4 - 4*s**3/3 + s**2 - s - 3. What is the units digit of a(4)?
7
Let u = 42 - 25. What is the tens digit of u?
1
Let a be 3/(1 - (-11)/(-14)). Suppose 0 = 2*f - 3*f + 5*o + 7, 0 = -2*f + 2*o + a. What is the units digit of f?
7
Let x(o) = -o**2 - 4*o + 3. Let d be x(-4). Suppose h - d = -0*h. Suppose 0 = 2*v - h*v + 6. What is the units digit of v?
6
Let f be 4/(-2)*(-1 - 7). Suppose -t + 5*t = f. Suppose -2*v = -5*l + 4*l + 14, -t*l = -5*v - 50. What is the units digit of l?
0
Let c = -180 - -317. What is the units digit of c?
7
Let g = 36 + -15. What is the units digit of g?
1
Let t(s) = -s**2 + 5*s - 6. Let a be t(4). Let d(x) = -8*x - 1. What is the units digit of d(a)?
5
Let a(t) = -t**2 + 2*t + 1. Let p be a(3). Let o be 5*1*p/(-2). Suppose 0 = o*y - 25, 2*y - 16 = -h - 0*h. What is the units digit of h?
6
Suppose -5*w - 2*g + 0*g = 4, -4*g = -5*w + 8. Suppose -3*x + w*x = -5*k + 12, -4*k = -2*x - 10. Let y = 3 - x. What is the units digit of y?
2
Let o be (-4)/(-14) - 116/14. What is the units digit of (-3)/(o/6 - -1)?
9
Suppose -4*b - 2*d = 4 - 12, 3*b + 2*d - 5 = 0. What is the units digit of b?
3
Let a(l) = -2*l**3 - 2*l**2 - l. Let p be a(-1). Let g be (p/(-3))/((-1)/(-3)). What is the units digit of 3 - (g + -1 + 3)?
2
Let d = 3 - 2. Let i be (-3 + 12)*5/d. Suppose 5*n - i = z, 2*n - 62 + 21 = 5*z. What is the units digit of n?
8
Suppose 0 = 4*m + 5*l + 1009, m + m + 512 = -4*l. What is the tens digit of (-2)/11 - m/22?
1
Suppose 102 = 4*w - l - 11, 0 = -5*w + 3*l + 136. What is the tens digit of w?
2
Let n = -11 - -22. Let h = n + -7. What is the units digit of h?
4
Let l be (-54)/4*(-2)/3. Let z = -2 + l. What is the units digit of z?
7
Suppose -2*a = -0*a - 6. Let h(q) = -q - 2. Let z be h(-4). Let l = a - z. What is the units digit of l?
1
Let p be 10/2*1*1. Suppose 27 = p*k - 113. What is the tens digit of k?
2
Suppose -2*q + 2*f = -2*f - 26, 4 = f. What is the tens digit of q?
2
Let u = 44 + -25. Suppose u = 3*v - w, 4*w - 8*w - 28 = -4*v. What is the units digit of v?
6
Suppose 2*b + 3*y = 5 - 4, -2*b + 4*y = -22. Let z = -2 + b. Suppose -2*d + 5 = z. What is the units digit of d?
1
Let p be -1 + 3 + (-3 - -5). Let q be p/(-5)*175/(-14). Let y = q - -6. What is the tens digit of y?
1
Let o(x) = 2*x**2 + 4*x - 3. Let c be o(-4). Let t = c + 0. What is the units digit of t?
3
Suppose -f = -j - 5*f - 5, -3*f + 5 = 2*j. Let u = j + -5. Suppose 10 = 2*y + u. What is the units digit of y?
4
Let q(t) = 0*t - t + 4 - 11. Let w be q(-10). Suppose w*d - 26 = 1. What is the units digit of d?
9
Let m be 16/(-6) - (-16)/24. Let y = 3 + 0. Let x = m + y. What is the units digit of x?
1
Let v(p) = -p - 1. Let u be v(-3). Let q be (-2 + 0)/(1/u). Let r = q - -6. What is the units digit of r?
2
Suppose 5*m - 75 = -5*a, 0 = -2*a + 4*m - 7 + 37. What is the units digit of a?
5
Let i = -9 + 19. Let b be ((-35)/i)/(2/4). What is the tens digit of (b - -4) + (-20)/(-1)?
1
Let k = -99 - -155. What is the units digit of k?
6
Suppose -2*d + 113 - 1 = -5*t, 0 = 3*t. Suppose 5*m - d = m. What is the units digit of m?
4
Let j = -10 - -10. Suppose -i + j*i = -16. What is the tens digit of i?
1
Let n(z) = 8*z**2 - 5*z - 9. What is the tens digit of n(4)?
9
Suppose z - 3*z + 4 = 0. Suppose -d + 31 = 3*s, s + 3*s = -z*d + 38. What is the units digit of s?
2
Suppose 0 = -28*r + 33*r - 1240. What is the tens digit of r?
4
Suppose 2*x - 4*x = -l - 115, 3*x = -2*l + 155. What is the tens digit of x?
5
Let g(x) = 9*x**2 - 5*x - 4. Let t be g(-3). Suppose 0 = 3*i - 7*i + t. What is the tens digit of i?
2
Let u(q) = 3*q - 7. Let a(j) = j**2 + 4*j - 5. Let t be a(-6). Let v be u(t). Let o = v + -6. What is the units digit of o?
8
Suppose -4*b - 5 = -5*b. Suppose 0 = -b*k + k + 128. What is the tens digit of k?
3
Suppose 3*j + 1 = 25. Suppose 0 = -2*y + j, -5*q + 29 = 4*y - 7. Let s = q + -2. What is the units digit of s?
2
Let f(w) = 15*w - 2. Let y be f(-2). Let t = -18 - y. What is the units digit of t?
4
Suppose n - 47 = -r, 4*r + 5*n - 193 = 2*n. What is the tens digit of r?
5
Suppose -46 = -3*d + 53. Suppose 3*z - 3*c = 41 + 4, 2*z + c = d. Suppose 2*m = -4 + z. What is the units digit of m?
6
Suppose h + 10 = 2*h. Suppose -h = -z - z. What is the units digit of z?
5
Suppose -32*q = -36*q + 128. What is the units digit of q?
2
Suppose -4*t + 344 = 112. What is the tens digit of t?
5
Let q(h) = 2*h. Let r be q(2). Let l = r + 12. What is the units digit of l?
6
Let v be (45/(-12))/((-9)/(-24)). Let m = v + 17. Let x = m + 2. What is the units digit of x?
9
Let s(z) = 17*z + 4. Let j be s(-5). Let n = -55 - j. Suppose 0 = -2*m + 4 + n. What is the units digit of m?
5
Suppose 5*q = -10 - 40. Let i = q - -27. What is the tens digit of i?
1
Suppose 0 = -y - y - 4. Let n = -11 + 8. What is the units digit of -4*(y/4 + n)?
4
Let o = 5 + -4. Let j be -1*(-3 + o) - 0. Let y = 2 + j. What is the units digit of y?
4
Suppose 2*a + 3*a = 0. Suppose a*c + 4*c = j, 0 = 4*c - 4. What is the units digit of j?
4
Let a(p) = -p**3 + 2*p**2 + p. Let i be a(-1). Suppose 2*f + 4*b = -2 + 14, 5*f - i*b - 78 = 0. What is the units digit of f?
4
Let a(w) = 6*w**2 - 3 + 7*w + 2 + 6 + w**3. Suppose -2*h + 5*d - 28 = 0, -h + 0*h + 2*d - 12 = 0. What is the units digit of a(h)?
9
Let c be (-40)/(-15)*3/2. Let y = 8 - c. What is the units digit of y?
4
Suppose -5*r - 23 = -3*a, -2*r = 3*a - r - 53. Suppose -72 + a = -4*c. What is the tens digit of c?
1
Suppose 5*p + 3*l = 12, -2*l - l = -12. Suppose k - 8 + 0 = p. What is the units digit of k?
8
Suppose -2 + 0 = -p. Suppose 4 + p = 2*x. Suppose 2*t + x - 5 = 0. What is the units digit of t?
1
Let f = 6 - 7. Let m(w) = -17*w**3 - w**2 - w. What is the tens digit of m(f)?
1
Let w = 55 - -69. What is the hundreds digit of w?
1
Let d = 30 + 5. What is the units digit of d?
5
Let s = -24 + 49. Let i = s - 15. What is the units digit of i?
0
Suppose 4*g = 3*o - 8*o + 7, -3*g = 2*o. Let l be -2*o/6*-2. Suppose 5*c - c = -4*f + 32, -l*f + 14 = c. What is the units digit of f?
6
Suppose 3*m = -5*q - 15, -q - 9 = 3*m + 6. Suppose 4*z + 2*i = -i + 19, z + i - 5 = q. Suppose -z*s = -s - 21. What is the units digit of s?
7
Suppose -4*x - 396 = -3*d - 73, -533 = -5*d + 4*x. What is the tens digit of d?
0
Let m = 0 - 0. Suppose -x - 3*x = -28. Let f = m + x. What is the units digit of f?
7
Suppose -18 = -2*i + 254. What is the hundreds digit of i?
1
What is the tens digit of ((-35)/3)/((-2)/24)?
4
Suppose 22*d - 174 - 5238 = 0. What is the units digit of d?
6
Suppose -v - 106 = -4*g, -56 = -2*g - 0*g - v. What is the tens digit of g?
2
Suppose f + 0 = 4. Let q be (2/1 - f) + -2. Let t = q - -6. What is the units digit of t?
2
Let f be 1*(2/2 + -4). Let u(a) = -4*a**3 + a**2 - a - 2. Let i(n) = -n**3 + n**2 - n. Let r(j) = -3*i(j) + u(j). What is the units digit of r(f)?
1
Let i = 168 - 103. What is the tens digit of